 Give l(n).
-6
Suppose 0 = -7*i + 38 + 11. Let j(l) = 6 - i*l - 11*l**2 + 10*l**2 + 2*l**2. Determine j(6).
0
Suppose -4*l + 0*s = -4*s + 12, 0 = -2*l + 4*s + 2. Let w = -11 - l. Let d(p) = p**2 + 2*p - 4. Give d(w).
4
Let b(j) = j. Let f be b(7). Let x be 1/1 + (-2 - -3). Let u(z) = -z**x - 3 + z + 2*z + f. What is u(4)?
0
Let x(p) = -3*p + 2. Let y(h) = 3*h - 1. Let s be y(1). Calculate x(s).
-4
Let l(d) = 4*d - 2*d + d**3 - 3*d + 2. What is l(0)?
2
Suppose 0 = 4*b - 12. Suppose b*s + 2*g + 18 = 0, 5*s - 2*g = -6*g - 30. Let p(h) = -h**2 - 6*h + 8. Give p(s).
8
Let g be ((-12)/(-9))/(2/3). Let c(o) = o**3 - 6*o**2 + 2*o + 2. What is c(g)?
-10
Suppose n + 9 = 4*n. Let x(v) = -n*v + v**2 - 5 - v - 3*v. Give x(8).
3
Let d(k) be the third derivative of -k**6/120 + k**4/24 + k**3/6 + 2*k**2. Let x = -3 + 5. Let j be d(x). Let p(i) = -i**2 - 7*i - 2. Calculate p(j).
8
Let l(i) = i**3 + 8*i**2 + 5*i - 1. Let d be l(-7). Suppose x - 3 = -d. Let t be (-7)/(-5) + (-6)/x. Let h(g) = g - 2. Give h(t).
0
Let w(a) = -a**3 - 4*a**2 + 7*a + 4. Let z(x) = 9*x - 6. Let t be z(4). Let q = -19 + t. Let i = q + -16. Calculate w(i).
-6
Let q(n) = n + 2. Let s(i) = -i - 2. Let o(w) = 3*q(w) + 4*s(w). Let c be (-2 - 0/2)/(22/55). Give o(c).
3
Let a(z) = -z + 0*z + 2 + 5*z. Determine a(-5).
-18
Let u(v) = 52*v**3 - 2*v - 53*v**3 + 4 + 3*v. What is u(0)?
4
Let n(m) = 3*m - m**3 - 4*m**2 + 2 - 2*m + 0 - 4*m. What is n(-3)?
2
Let f(z) = -z**3 - 9*z**2 - 7. Suppose 4*w + 5*k + 14 = 3*w, 2*w - 2*k + 16 = 0. What is f(w)?
-7
Let j(x) = -11*x**3 - 2*x**2 + 1. Let r(m) = -m**2 - 3*m. Let o be r(-3). Let f = -1 - o. Calculate j(f).
10
Let b = 13 + -9. Let c(u) = u + 2*u - 39*u**2 + 3 + 38*u**2 + u. Determine c(b).
3
Let t(a) = -a**2 - 5*a - 6. Let q = -11 - -13. Suppose q*u + 0*u = -10. Calculate t(u).
-6
Suppose 5 = 4*q - 5*t, 4*q + 5*t + 1 = 4*t. Let u(m) be the second derivative of m**3/6 - 11*m**2/2 - 2*m. Determine u(q).
-11
Let c(m) be the second derivative of -m**4/12 - 5*m**3/6 - m**2/2 + m. Let l = -16 - -11. Calculate c(l).
-1
Let n(j) be the first derivative of j**2/2 - 6*j - 152. Let p be (2/(-3))/(4/(-42)). Determine n(p).
1
Let a(h) = -h - 10. Let w(p) = 2*p + 22. Let l(f) = -11*a(f) - 6*w(f). Determine l(-10).
-12
Let l(v) = -7*v + 4 + 2 - v**2 + 2*v**2 - 2. What is l(5)?
-6
Let z(y) = -3*y + 4. Suppose -3*j = -0*j - 9. Suppose a - 2*a + j = 0. What is z(a)?
-5
Let x(j) = -2*j**3 + 5*j**2 - 9*j - 51. Let u(h) = -h**3 + 3*h**2 - 5*h - 26. Let f(g) = 7*u(g) - 4*x(g). Calculate f(0).
22
Let l(v) = -4*v. Suppose 0 = 2*d + 2. Let s be l(d). Let p(f) = -f - 1. Let z(i) = 4*i + 4. Let c(x) = 3*p(x) + z(x). Calculate c(s).
5
Let o(w) be the first derivative of -w**3/3 + 3*w**2 - 6*w - 3. Calculate o(4).
2
Let h be 6/(-21) + (-24)/14. Let q = 8 - 5. Let r = q + h. Let z(w) = 5*w**2 - 2*w + 1. Calculate z(r).
4
Let c(y) = 3*y + 4. Let p(o) = -16*o - 20. Let m(b) = -11*c(b) - 2*p(b). Calculate m(-6).
2
Suppose 5*d = 3*f - 59, -3*d - d = 3*f + 58. Let q(u) = u + 7. Let j be q(d). Let y(o) = o + 1. Calculate y(j).
-5
Let r = 0 + 4. Let s(q) = q**3 - 3*q**2 + 8*q - 2*q**3 - r*q + 1. What is s(-4)?
1
Let z(v) be the second derivative of v**4/12 + 3*v**3/2 + 3*v**2 + 37*v. Give z(-8).
-2
Let x be 8 + (-13 - -4)/(-3). Suppose 0 = x*z - 6*z. Let g(u) = u - 12. Determine g(z).
-12
Let n(j) = -j**3 - 5*j**2 + 5. Let d be n(-5). Let h be (-54)/(-4)*(-4)/(-6). Let m(x) = 2*x + 0*x + 2 - h. Determine m(d).
3
Let b(x) = 2*x + 1. Let g(d) = -7*d + 4. Let t(c) = -3*b(c) - g(c). What is t(5)?
-2
Let z(i) = -i**2 + i - 4. Let d = 4 + -3. Let w(c) = 10*c**2 - c + 1. Let u be w(d). Let t be 0*(3 - u/4). What is z(t)?
-4
Let p(i) = -2*i**2 - i + 7. Let h(o) = o**2 - 4. Let r(x) = -11*h(x) - 6*p(x). Determine r(-5).
-3
Let f(c) be the second derivative of -c**4/6 + 11*c**3/6 + 7*c**2 + 2*c. Let k(n) = n**2 - 4*n - 5. Let z(s) = -6*f(s) - 17*k(s). Calculate z(-1).
-6
Suppose 0 = -5*i + 3*i + 12. Let v(b) = -b**2 + 6*b - 4. Determine v(i).
-4
Let w(o) = -7 + 150*o + 0*o**2 - 157*o - o**2. Calculate w(-6).
-1
Let m be (-1)/((-2 + 3)/(-2)). Let s(k) = k**3 - m*k + 0*k - 4*k**2 - 5 - 4*k + k. Calculate s(5).
-5
Let y(r) be the second derivative of 3/2*r**2 - 1/3*r**3 + 0 + 3*r. Calculate y(2).
-1
Let g = -4 - -2. Let b(s) = -s**3 - 3*s**2 - 2*s + 2. Calculate b(g).
2
Let w(g) = -5*g - 3 + 3*g + 3*g. Suppose -k = 2*n - 8, 2*n + 3*n - 31 = 3*k. Calculate w(n).
2
Let b(n) = -3*n**2 + 1. Let i(v) be the first derivative of -13*v**3/3 - v**2/2 + 4*v - 2. Let g(m) = -9*b(m) + 2*i(m). What is g(2)?
-1
Suppose -3*r + 3 + 3 = 0. Let k(y) = y**2 - 1. Calculate k(r).
3
Let h(q) = q**3 + 6*q**2 + 5*q + 5. Suppose 2*b + 4 = -0*b. Suppose -3*a = 3, -2*a + 2 = -2*p + 6. Let t be b/(-4)*(-10)/p. Determine h(t).
5
Let y(u) = -u**2 + 6*u. Suppose b - 3 = 5*q - 4, -2*q + b - 2 = 0. Let w = q + -4. Let m = 2 - w. What is y(m)?
5
Let t = 11 - 8. Let h be (-6)/t + 6 - 0. Let s(z) = -1 - 2 + h - 4*z. What is s(2)?
-7
Let y(n) = n**3 + 9*n**2 - 9*n + 5. Let j be y(-10). Let g be 1/j + 16/(-20). Let p(f) = -5*f**2 - f. Determine p(g).
-4
Let j(t) = -9*t + 5. Let s(w) = -9*w + 6. Let b(q) = 5*j(q) - 4*s(q). Determine b(-2).
19
Let a(g) = 0*g - 3*g - 1 - 3. Let k(n) = n. Let h(i) = -a(i) - 2*k(i). Let p(f) = -3*f**3 + f**2 + 2*f - 3. Let z be p(1). Give h(z).
1
Suppose 2*l + 14 - 6 = 0. Let s(i) = 2*i + 4. Determine s(l).
-4
Let p = -23 - -13. Let z be (4/p)/(4/(-100)). Let f = z - 5. Let x(l) = -l**2 + 5*l. What is x(f)?
0
Let v(z) = z**3 + 4*z**2 + z - 4. Let j(o) = -o**3 + 11*o**2 - 3*o + 29. Let d be j(11). Give v(d).
-8
Let d(c) = -2*c - 6 + 5*c + 17 - 2*c. Give d(-6).
5
Let a(q) be the second derivative of q**3/3 - 7*q**2/2 - 3*q. Calculate a(5).
3
Let p(q) = -5 + q - 7*q + 4*q. Let d = -10 + 6. Give p(d).
3
Let q(k) = k**2 - 4*k + 3. Let j(u) = -u**3 - 12*u**2 + 11*u - 24. Let t be j(-13). Give q(t).
-1
Let g(v) = -3*v - 9. Let m(a) = -3*a - a + 4*a - 10 - 3*a. Let l(y) = -5*g(y) + 4*m(y). What is l(-5)?
-10
Let w(d) = d**2 - 6*d + 10. Suppose 13*k - 10 = 11*k. Determine w(k).
5
Let z(f) = f**3 - 3*f**2 + 5*f - 4. Suppose 3*m + 1 = -2*j + 12, -3*j - 6 = -3*m. What is z(m)?
11
Let x(s) be the first derivative of s**5/40 + s**4/24 + s**3/3 - 2. Let c(d) be the third derivative of x(d). Determine c(-1).
-2
Let f(j) = -4*j - 10. Let l be f(-7). Let v(k) = k**3 + 8*k**2 + 6*k - 5. Let c be v(-7). Let a be l/2*c/6. Let u(q) = -q**3 + 4*q**2 - 4*q + 3. Determine u(a).
0
Let o(m) = -5 + 4 + 3 - m. Let h(l) = 20*l - 9. Let n(y) = 7*y - 3. Let j(p) = -6*h(p) + 17*n(p). Let g(f) = 2*j(f) - 3*o(f). Calculate g(-1).
-1
Let f(j) = -j - 4. Let d be f(-5). Let p(m) = -6*m + 3*m + 4*m - 1. Calculate p(d).
0
Let v(u) = u + 1. Let j(t) = 5*t + 7. Let r(w) = j(w) - 6*v(w). Determine r(-5).
6
Let f = -64 + 61. Let i(h) = -h - 1. Determine i(f).
2
Let i(r) = r**2 - 5*r + 4. Let z be i(4). Suppose 4*h - 4 = z, 9*u - 4*h = 4*u - 84. Let o be -5*(-2 + u/(-10)). Let j(g) = -4*g + 3. Determine j(o).
-5
Let l(t) be the first derivative of 4*t**3/3 + t**2 - t - 1. Let v(u) = u**2 - 6*u + 1. Let c be v(6). Suppose -2*z = 3*k + 2*z + c, z = 2*k - 3. What is l(k)?
5
Let d(f) = 3*f**3 - 2*f**2 + f + 2. Let z be (-1)/2 - (-3)/(-2). Let p(y) = -7*y**3 + 5*y**2 - 2*y - 5. Let k(h) = z*p(h) - 5*d(h). What is k(0)?
0
Let j be 2/((-2 - -4)/(-2)). Let i = j - -5. Let b(h) = 5*h - 4*h - 3*h**2 + 2 - i*h + 2*h**2. Determine b(-2).
2
Suppose -2 = -2*l + 3*l. Let z = 4 + -2. Let s = l + z. Let m(p) = -p**3 - p - 7. Determine m(s).
-7
Let r(m) = 7*m**2 - 10*m. Let d(a) = 4*a**2 + 5*a**2 - 6*a**2 - 4*a - a. Let g(o) = -5*d(o) + 2*r(o). Calculate g(5).
0
Let s(t) = 3*t**3 - 1. Suppose 6*i - 3 = 3*i. What is s(i)?
2
Let k(g) = -g**2 - 3*g - 2. Let b be (-290)/75 + 4/(-30). Give k(b).
-6
Let q(z) = -687*z**3 + 686*z**3 + 3*z**2 + z - 2*z**2 - 5. Let j(l) = -l - 2*l + 7 + 2*l. Let p be j(7). What is q(p)?
-5
Suppose 27 - 3 = 3*j. Suppose j = -4*k, -4*k - k - 6 = 2*h. Let r(y) = -2*y**3 - h - 6*y + 0*y - 5*y**2 + y**3. What is r(-4)?
6
Let m(q) = q**3 - 4*q**2 - 5*q - 2. Let y = -7 + 5. Let a be (y/6)/(3/45). Let i = a - -10. Give m(i).
-2
Let l be (1 - 0) + (-8)/(-8). Let z(d) = -l + 3 + 4*d - 3*d**3 + 4*d**3 + 6*d**2. Calculate z(-5).
6
Let o(v) = v. Suppose 